
Suppose 0 = -4*r + 85 + 59. Suppose 3*m = 27 + 12. What is the remainder when r is divided by m?
10
Let l = -11 + 19. What is the remainder when 13 is divided by l?
5
Suppose 4 = -3*k - 11, -2*q + 4*k + 88 = 0. What is the remainder when q is divided by 9?
7
Let v(x) = -x + 1. Let c(i) = -8*i**3 + 5*i**2 + 2*i. Calculate the remainder when c(-1) is divided by v(-5).
5
Let z = -10 + 14. Suppose 0 = -z*x + 54 + 178. What is the remainder when x is divided by 15?
13
Suppose 0*z = 3*z - 3. Calculate the remainder when 17 is divided by (-1)/z + 3 + 9.
6
Suppose 14 - 66 = -2*r. What is the remainder when 51 is divided by r?
25
Let j(l) = -2*l + 20. Calculate the remainder when j(9) is divided by 2.
0
Let s(l) = -l + 15. Let u be 4/6 - 2418/(-18). Suppose k - 41 = -p - 0*p, 3*p = k + u. Calculate the remainder when p is divided by s(0).
14
Suppose -2*p = -4 - 0. Calculate the remainder when (-14*7)/(p*-1) is divided by 13.
10
Let m(g) = 37*g**2 + g - 1. What is the remainder when m(1) is divided by 15?
7
Suppose -13*l + 12 = -9*l. Suppose 3*a + 1 = 25. What is the remainder when a is divided by l?
2
Calculate the remainder when 57 is divided by 12 - (-7 - -4) - 0.
12
Let z = -1 - -12. Suppose -g = 2*g + 2*f - 102, 0 = -4*g - 5*f + 143. What is the remainder when g is divided by z?
10
Suppose 5*g = 3*g + 356. Suppose -d = -33 - 10. Calculate the remainder when d is divided by (-2)/8 + g/8.
21
Let v be (15/(-10))/(1/(-8)). Let n = v - -3. Calculate the remainder when 44 is divided by n.
14
Let o = -1 + 5. Calculate the remainder when (o - 3)*14 - 2 is divided by 7.
5
Suppose -g + 2*s - 3 = 0, 4*s + 0 + 15 = -g. Let u(n) = n**2 + 6*n - 4. Let k be u(g). Let t = 2 + k. What is the remainder when t is divided by 2?
1
Let u(y) = -y**2 + 5*y + 8. Calculate the remainder when u(6) is divided by 1.
0
Suppose -5*b + 4 = -6. Suppose -b*n = 2 - 6. Suppose -n*w - 8 = 0, -u + 4 = 3*w - 6. Calculate the remainder when 43 is divided by u.
21
Let c(n) = -9*n**3 - 2*n**2. Let s(f) = 6*f**3 + f**2. Let l(j) = 5*c(j) + 8*s(j). Calculate the remainder when 31 is divided by l(2).
15
Suppose 5*x = -4*o + 177, -5*x - 13 = -2*o + 68. Calculate the remainder when 84 is divided by o.
41
Let o(r) = r**2 + 10*r + 14. Let c = 15 + -2. What is the remainder when o(-11) is divided by c?
12
Suppose -5*p + 215 = -5*g, -13*p = -14*p - 3*g + 55. Calculate the remainder when 274 is divided by p.
44
Suppose 0 = 7*p + 17 - 94. What is the remainder when 173 is divided by p?
8
Let c = 4 - -15. What is the remainder when 73 is divided by c?
16
Suppose -2*n = 3*n - 30. Let i(m) = -3*m + 5. Let g be i(n). What is the remainder when 11 is divided by (-2)/4 + g/(-2)?
5
Let b = -11 + 3. Let n = b - -11. What is the remainder when 15 is divided by (n - -3)/1 + 0?
3
Let a(i) = -2 - 4 - 5*i + 2. Suppose -5*g + g + 44 = 0. Calculate the remainder when a(-9) is divided by g.
8
Let u = 6 - 3. Suppose -3*h - h - 8 = 0. Let w = u + h. What is the remainder when 1 is divided by w?
0
Suppose -d + 2*q + 10 = -10, 5*d - q - 100 = 0. Calculate the remainder when 78 is divided by d.
18
Suppose 0 = -p + 4*p - 1980. What is the remainder when 12/(-5)*p/(-18) is divided by 18?
16
What is the remainder when 4 is divided by 6 - 3 - (-1 - (-1 - -1))?
0
Let w = 46 - 40. What is the remainder when 10 is divided by w?
4
Suppose -2*f + 0*f - 10 = 0. Let c be (-1 + -2 - -2)*f. Suppose 5*r = 5 + c. Calculate the remainder when r is divided by 1.
0
Let i = -6 - -10. Suppose 5*c = i*c + 58. Calculate the remainder when c is divided by 15.
13
Suppose -5*q = 4*a - 2 - 1, 4*q = -5*a - 3. Suppose q*k - 205 + 67 = 0. Calculate the remainder when k is divided by 16.
14
What is the remainder when 2 is divided by 5/2 - (-2)/(-4)?
0
Let t(v) = -v**2 + 10*v - 12. Let a be t(8). Suppose -y + a = -0*y. What is the remainder when 9 is divided by y?
1
Let o(z) = z + 7. Let a(t) = t**2 + 6*t + 7. Calculate the remainder when o(5) is divided by a(-6).
5
Let r = -8 - -6. Let k(o) = o**2 - 2. Let w be k(r). Suppose -w*f = -f - 2. Calculate the remainder when f is divided by 2.
0
Let g(c) = c - c + 24 + 4*c - 3*c. Calculate the remainder when g(-8) is divided by 6.
4
Suppose -v = 3*w - 34, -w - 10 + 28 = -v. Suppose 2 = 2*s - 4*i, -s + 2*i = 4*i - w. What is the remainder when (1 - 2)/((-1)/13) is divided by s?
6
Suppose 3 - 9 = -3*w. Suppose 2*h - 79 = i, -w*h - 2*i + 88 = 6. Calculate the remainder when h is divided by 21.
19
Suppose -4*h - 90 = -0*b - 2*b, 0 = -4*b + h + 194. Let a be (15 + 1)*b/(-28). Let w = a - -50. Calculate the remainder when 64 is divided by w.
20
Suppose 2*v + 2 = 24. Calculate the remainder when v is divided by 7.
4
Let c(h) = -13 + 16 - 3*h - 2*h**2 + 3*h**2. Let p(i) = 4*i. Let u be p(1). What is the remainder when 19 is divided by c(u)?
5
Let z = -25 + 30. Calculate the remainder when 23 is divided by z.
3
Let w = 22 + -11. Calculate the remainder when w is divided by 9.
2
Let r(t) be the third derivative of -t**4/6 + t**3/2 + t**2. Calculate the remainder when r(-10) is divided by 15.
13
What is the remainder when 59 is divided by 12/(8/2)*5?
14
Let y(w) = -w**3 - 6*w**2 + 6*w - 5. Let m be y(-7). Suppose f = -m*f - 42. Let o = f - -31. What is the remainder when 50 is divided by o?
16
Let i = 4 - 1. Suppose -12 = -5*p + i. Calculate the remainder when 2 is divided by 5/p - 1/(-3).
0
Let r(z) = -9*z**2 - 3*z - 3. Let o be r(-3). Suppose -4*i - 4*w = -w - 130, 5*w = -4*i + 126. What is the remainder when i is divided by 5*(-5)/(o/36)?
10
Let z(x) = -x**2 + 11*x - 3. Calculate the remainder when 28 is divided by z(9).
13
Let w(l) = 54*l**2 + 2*l - 1. Let j(f) = 12*f - 5. What is the remainder when w(1) is divided by j(2)?
17
Let k(x) = -5. Let r(g) = g - 3 + 2 + 2. Let s(n) = -k(n) + r(n). What is the remainder when 20 is divided by s(5)?
9
Let k(w) = 2*w**2 - 15*w - 14. Calculate the remainder when 85 is divided by k(9).
7
Suppose -10 = -4*v - v. Suppose -v*j = -12 - 26. Calculate the remainder when (11/(-3))/(2/(-30)) is divided by j.
17
Let f(h) = -h. Let b(u) = u**2 - 13*u + 7. Let j(l) = b(l) - 4*f(l). What is the remainder when j(11) is divided by 10?
9
Suppose -r - 12 = 2*r. What is the remainder when (104/(-12))/(r/6) is divided by 7?
6
Let r(d) = d**2 + 9*d + 13. Calculate the remainder when 19 is divided by r(-8).
4
Suppose 0 = -3*j - j + 116. Calculate the remainder when j is divided by 8.
5
Let z(i) = -i - 11. Let u be z(0). Let k = 16 + u. What is the remainder when k is divided by 3?
2
Suppose -4*d = -0*d - 48. Suppose -9*n - 66 = -12*n. What is the remainder when n is divided by d?
10
Let n(i) = i**3 + 5*i**2 + i - 3. Suppose 0 = 4*s - 3*s. Suppose b - 2*b - 2*v + 20 = s, 3*v = -3*b + 63. What is the remainder when b is divided by n(-3)?
10
Suppose 279 = 5*t + 4*f, -2*t - 4*f + 0*f = -114. Suppose z - 4*z + 57 = 0. Calculate the remainder when t is divided by z.
17
Let g(s) = -s**2 - 5*s - 2. Let y be g(-5). Let f = 5 - y. What is the remainder when 11 is divided by 6 + -7 + f + 0?
5
Let i = 12 - 10. What is the remainder when -3 + 0 + 0 + 9 is divided by i?
0
Suppose -4*l + 3 = 11, 5*l - 10 = -4*k. Let r(f) = f + 11. Calculate the remainder when r(2) is divided by k.
3
Let d(o) = 6*o**2 - 9*o + 13. What is the remainder when d(4) is divided by (-6)/2 + (-1 - -23)?
16
Suppose -g - 34 = g. Let a = g - -28. Suppose 0 = -4*r + 8*r - 120. What is the remainder when r is divided by a?
8
Suppose 4*j + 2*i + 8 = 102, -4*j + 4*i = -76. What is the remainder when 85 is divided by j?
19
Suppose 41*l = 34*l + 553. Suppose -4*a = 3*i - 120, 2*a = 4*a - i - 50. What is the remainder when l is divided by a?
25
Suppose -13*d + 364 = d. Calculate the remainder when d is divided by 6.
2
Suppose 0*c = 4*c + 112. Let k = 4 - c. Calculate the remainder when k is divided by 11.
10
Suppose 0*m + 4*n - 164 = -2*m, 2*m - 158 = -n. Suppose 6 = 2*f + 6*p - 3*p, 0 = 2*p + 8. Calculate the remainder when (m/9)/(1/3) is divided by f.
8
Suppose -115 = 5*r - 30. Let x = 28 + r. What is the remainder when 31 is divided by x?
9
Let v(w) be the second derivative of w**3/2 + w**2/2 + w. Let s = 18 + -12. What is the remainder when s is divided by v(1)?
2
Suppose y + 3*y = 3*a + 105, 0 = -2*y - 3*a + 57. Let o(x) = x**3 - 5*x*